{"id":2380,"date":"2021-11-15T16:36:46","date_gmt":"2021-11-15T15:36:46","guid":{"rendered":"https:\/\/wizedistribution.com\/?page_id=2380"},"modified":"2021-11-25T15:43:07","modified_gmt":"2021-11-25T14:43:07","slug":"distribution","status":"publish","type":"page","link":"https:\/\/wizedistribution.com\/index.php\/distribution\/","title":{"rendered":"DISTRIBUTION"},"content":{"rendered":"\n<div style=\"height:70px\" aria-hidden=\"true\" class=\"wp-block-spacer\"><\/div>\n\n\n\n<div class=\"wp-block-cover alignfull is-light\" style=\"min-height:317px\"><span aria-hidden=\"true\" class=\"has-nv-text-dark-bg-background-color has-background-dim-30 wp-block-cover__gradient-background has-background-dim\"><\/span><video class=\"wp-block-cover__video-background intrinsic-ignore\" autoplay muted loop playsinline src=\"https:\/\/wizedistribution.com\/wp-content\/uploads\/2021\/11\/VIDEOS-BANNIERE-WIZE-DISTRIBUTION.mp4\" data-object-fit=\"cover\"><\/video><div class=\"wp-block-cover__inner-container\">\n<p class=\"has-text-align-center\" style=\"font-size:80px\"><mark style=\"background-color:rgba(0, 0, 0, 0)\" class=\"has-inline-color has-nv-site-bg-color\">DISTR<\/mark><mark style=\"background-color:rgba(0, 0, 0, 0)\" class=\"has-inline-color has-neve-link-color-color\">I<\/mark><mark style=\"background-color:rgba(0, 0, 0, 0)\" class=\"has-inline-color has-nv-site-bg-color\">BUTION<\/mark><\/p>\n<\/div><\/div>\n\n\n\n<div style=\"height:70px\" aria-hidden=\"true\" class=\"wp-block-spacer\"><\/div>\n\n\n\n<div class=\"wp-block-columns alignfull\">\n<div class=\"wp-block-column is-vertically-aligned-center\">\n<figure class=\"wp-block-image size-full is-resized animated fadeInLeft slow\"><img loading=\"lazy\" src=\"https:\/\/wizedistribution.com\/wp-content\/uploads\/2021\/11\/DISTRIBUTION.png\" alt=\"\" class=\"wp-image-2552\" width=\"684\" height=\"684\" srcset=\"https:\/\/wizedistribution.com\/wp-content\/uploads\/2021\/11\/DISTRIBUTION.png 500w, https:\/\/wizedistribution.com\/wp-content\/uploads\/2021\/11\/DISTRIBUTION-300x300.png 300w, https:\/\/wizedistribution.com\/wp-content\/uploads\/2021\/11\/DISTRIBUTION-150x150.png 150w\" sizes=\"(max-width: 684px) 100vw, 684px\" \/><\/figure>\n<\/div>\n\n\n\n<div class=\"wp-block-column is-vertically-aligned-center\">\n<h2 id=\"nos-objectifs\">NOS OBJECTIFS<\/h2>\n\n\n\n<p class=\"has-nv-text-dark-bg-color has-text-color\">Bien que W<span class=\"has-inline-color has-neve-link-color-color\">I<\/span>ZE DISTRIBUTION couvre toute la chaine de la conception \u00e0 la mise en rayon et poss\u00e8de ses  propres marques, nous aimons travailler avec des marques partenaires.<\/p>\n\n\n\n<p>Nos raisons:<\/p>\n\n\n\n<figure class=\"wp-block-video alignleft\"><video autoplay loop muted src=\"https:\/\/wizedistribution.com\/wp-content\/uploads\/2021\/11\/DISTRIBUTION-2.mp4\" playsinline><\/video><\/figure>\n\n\n\n<p><\/p>\n<\/div>\n<\/div>\n\n\n\n<div style=\"height:70px\" aria-hidden=\"true\" class=\"wp-block-spacer\"><\/div>\n\n\n\n<h1 class=\"alignwide has-text-align-center\" id=\"nos-partenaires-specialises\" style=\"text-transform:uppercase\">NOS PARTENAIRES SPECIALIS\u00e9S<\/h1>\n\n\n\n<div class=\"wp-block-columns alignwide\">\n<div class=\"wp-block-column is-vertically-aligned-center\">\n<div class=\"wp-block-cover aligncenter is-light is-style-editorskit-rounded is-cropping animated fadeInLeft slow ek-linked-block ek-linked-block-animate\"><span aria-hidden=\"true\" class=\"has-nv-site-bg-background-color has-background-dim-40 wp-block-cover__gradient-background has-background-dim\"><\/span><img loading=\"lazy\" width=\"500\" height=\"500\" class=\"wp-block-cover__image-background wp-image-2699\" alt=\"\" src=\"https:\/\/wizedistribution.com\/wp-content\/uploads\/2021\/11\/crop-0-0-500-500-0-DISTRIBUTION-BRICOLAGE.png\" data-object-fit=\"cover\" srcset=\"https:\/\/wizedistribution.com\/wp-content\/uploads\/2021\/11\/crop-0-0-500-500-0-DISTRIBUTION-BRICOLAGE.png 500w, https:\/\/wizedistribution.com\/wp-content\/uploads\/2021\/11\/crop-0-0-500-500-0-DISTRIBUTION-BRICOLAGE-300x300.png 300w, https:\/\/wizedistribution.com\/wp-content\/uploads\/2021\/11\/crop-0-0-500-500-0-DISTRIBUTION-BRICOLAGE-150x150.png 150w\" sizes=\"(max-width: 500px) 100vw, 500px\" \/><div class=\"wp-block-cover__inner-container\">\n<p class=\"has-text-align-center has-ek-indent has-custom-lineheight has-custom-letterspacing\" style=\"font-size:50px;text-transform:uppercase;--ek-indent:20px;line-height:1;letter-spacing:1px\"><span style=\"color:var(--nv-text-dark-bg)\" class=\"tadv-color\">BRICOLAGE: kinzo<\/span><\/p>\n<\/div><a href=\"https:\/\/wizedistribution.com\/index.php\/bricolage-2\/\" class=\"editorskit-block-link\" rel=\"\"><\/a><\/div>\n<\/div>\n\n\n\n<div class=\"wp-block-column is-vertically-aligned-center\">\n<div class=\"wp-block-cover aligncenter is-light is-style-editorskit-rounded is-cropping animated zoomIn slow ek-linked-block ek-linked-block-animate\"><span aria-hidden=\"true\" class=\"has-nv-site-bg-background-color has-background-dim-40 wp-block-cover__gradient-background has-background-dim\"><\/span><img loading=\"lazy\" width=\"500\" height=\"500\" class=\"wp-block-cover__image-background wp-image-2687\" alt=\"\" src=\"https:\/\/wizedistribution.com\/wp-content\/uploads\/2021\/11\/DISTRIBUTION-ANIMALERIE.png\" data-object-fit=\"cover\" srcset=\"https:\/\/wizedistribution.com\/wp-content\/uploads\/2021\/11\/DISTRIBUTION-ANIMALERIE.png 500w, https:\/\/wizedistribution.com\/wp-content\/uploads\/2021\/11\/DISTRIBUTION-ANIMALERIE-300x300.png 300w, https:\/\/wizedistribution.com\/wp-content\/uploads\/2021\/11\/DISTRIBUTION-ANIMALERIE-150x150.png 150w\" sizes=\"(max-width: 500px) 100vw, 500px\" \/><div class=\"wp-block-cover__inner-container\">\n<p class=\"has-text-align-center has-nv-text-dark-bg-color has-text-color has-nv-text-dark-bg-color has-ek-indent has-custom-lineheight has-custom-letterspacing\" style=\"font-size:45px;text-transform:uppercase;--ek-indent:20px;line-height:1;letter-spacing:1px\"><span style=\"color:var(--nv-text-dark-bg)\" class=\"tadv-color\">animalerie:vitakraft<\/span><\/p>\n<\/div><a href=\"https:\/\/wizedistribution.com\/index.php\/animalerie\/\" class=\"editorskit-block-link\" rel=\"\"><\/a><\/div>\n<\/div>\n\n\n\n<div class=\"wp-block-column is-vertically-aligned-center\">\n<div class=\"wp-block-cover aligncenter is-light is-style-editorskit-rounded is-cropping animated fadeInRight slow ek-linked-block ek-linked-block-animate\"><span aria-hidden=\"true\" class=\"has-nv-site-bg-background-color has-background-dim-40 wp-block-cover__gradient-background has-background-dim\"><\/span><img loading=\"lazy\" width=\"500\" height=\"500\" class=\"wp-block-cover__image-background wp-image-2695\" alt=\"\" src=\"https:\/\/wizedistribution.com\/wp-content\/uploads\/2021\/11\/DISTRIBUTION-PEM.png\" data-object-fit=\"cover\" srcset=\"https:\/\/wizedistribution.com\/wp-content\/uploads\/2021\/11\/DISTRIBUTION-PEM.png 500w, https:\/\/wizedistribution.com\/wp-content\/uploads\/2021\/11\/DISTRIBUTION-PEM-300x300.png 300w, https:\/\/wizedistribution.com\/wp-content\/uploads\/2021\/11\/DISTRIBUTION-PEM-150x150.png 150w\" sizes=\"(max-width: 500px) 100vw, 500px\" \/><div class=\"wp-block-cover__inner-container\">\n<p class=\"has-text-align-center has-ek-indent has-custom-lineheight has-custom-letterspacing\" style=\"font-size:30px;text-transform:uppercase;--ek-indent:20px;line-height:1;letter-spacing:1px\"><span style=\"color:var(--nv-text-dark-bg)\" class=\"tadv-color\">petit-electromenager: Techwood<\/span><\/p>\n<\/div><a href=\"https:\/\/wizedistribution.com\/index.php\/electrique\/\" class=\"editorskit-block-link\" rel=\"\"><\/a><\/div>\n<\/div>\n<\/div>\n\n\n\n<div class=\"wp-block-columns alignwide\">\n<div class=\"wp-block-column is-vertically-aligned-center\">\n<div class=\"wp-block-cover aligncenter is-light is-style-editorskit-rounded is-cropping animated fadeInLeft slow ek-linked-block ek-linked-block-animate\"><span aria-hidden=\"true\" class=\"has-nv-site-bg-background-color has-background-dim-40 wp-block-cover__gradient-background has-background-dim\"><\/span><img loading=\"lazy\" width=\"500\" height=\"500\" class=\"wp-block-cover__image-background wp-image-2690\" alt=\"\" src=\"https:\/\/wizedistribution.com\/wp-content\/uploads\/2021\/11\/DISTRIBUTION-CUISINE.png\" data-object-fit=\"cover\" srcset=\"https:\/\/wizedistribution.com\/wp-content\/uploads\/2021\/11\/DISTRIBUTION-CUISINE.png 500w, https:\/\/wizedistribution.com\/wp-content\/uploads\/2021\/11\/DISTRIBUTION-CUISINE-300x300.png 300w, https:\/\/wizedistribution.com\/wp-content\/uploads\/2021\/11\/DISTRIBUTION-CUISINE-150x150.png 150w\" sizes=\"(max-width: 500px) 100vw, 500px\" \/><div class=\"wp-block-cover__inner-container\">\n<p class=\"has-text-align-center has-nv-text-dark-bg-color has-text-color has-nv-text-dark-bg-color has-ek-indent has-custom-lineheight has-custom-letterspacing\" style=\"font-size:50px;text-transform:uppercase;--ek-indent:20px;line-height:1;letter-spacing:1px\"><span style=\"color:var(--nv-text-dark-bg)\" class=\"tadv-color\">cuisine: <\/span>t\u00e9fal<\/p>\n<\/div><a href=\"https:\/\/wizedistribution.com\/index.php\/cuisine-2\/\" class=\"editorskit-block-link\" rel=\"\"><\/a><\/div>\n<\/div>\n\n\n\n<div class=\"wp-block-column is-vertically-aligned-center\">\n<div class=\"wp-block-cover aligncenter is-light is-style-editorskit-rounded is-cropping animated zoomIn slow ek-linked-block ek-linked-block-animate\"><span aria-hidden=\"true\" class=\"has-nv-site-bg-background-color has-background-dim-40 wp-block-cover__gradient-background has-background-dim\"><\/span><img loading=\"lazy\" width=\"500\" height=\"500\" class=\"wp-block-cover__image-background wp-image-2693\" alt=\"\" src=\"https:\/\/wizedistribution.com\/wp-content\/uploads\/2021\/11\/DISTRIBUTION-MAISON.png\" data-object-fit=\"cover\" srcset=\"https:\/\/wizedistribution.com\/wp-content\/uploads\/2021\/11\/DISTRIBUTION-MAISON.png 500w, https:\/\/wizedistribution.com\/wp-content\/uploads\/2021\/11\/DISTRIBUTION-MAISON-300x300.png 300w, https:\/\/wizedistribution.com\/wp-content\/uploads\/2021\/11\/DISTRIBUTION-MAISON-150x150.png 150w\" sizes=\"(max-width: 500px) 100vw, 500px\" \/><div class=\"wp-block-cover__inner-container\">\n<p class=\"has-text-align-center has-nv-text-dark-bg-color has-text-color has-nv-text-dark-bg-color has-ek-indent has-custom-lineheight has-custom-letterspacing\" style=\"font-size:50px;text-transform:uppercase;--ek-indent:20px;line-height:1;letter-spacing:1px\"><span style=\"color:var(--nv-text-dark-bg)\" class=\"tadv-color\">maison: <\/span>spaas<\/p>\n<\/div><a href=\"https:\/\/wizedistribution.com\/index.php\/linge-de-maison-2\/\" class=\"editorskit-block-link\" rel=\"\"><\/a><\/div>\n<\/div>\n\n\n\n<div class=\"wp-block-column is-vertically-aligned-center\">\n<div class=\"wp-block-cover aligncenter is-light is-style-editorskit-rounded is-cropping animated fadeInRight slow ek-linked-block ek-linked-block-animate\"><span aria-hidden=\"true\" class=\"has-nv-site-bg-background-color has-background-dim-40 wp-block-cover__gradient-background has-background-dim\"><\/span><img loading=\"lazy\" width=\"500\" height=\"500\" class=\"wp-block-cover__image-background wp-image-2692\" alt=\"\" src=\"https:\/\/wizedistribution.com\/wp-content\/uploads\/2021\/11\/DISTRIBUTION-JOUETS.png\" data-object-fit=\"cover\" srcset=\"https:\/\/wizedistribution.com\/wp-content\/uploads\/2021\/11\/DISTRIBUTION-JOUETS.png 500w, https:\/\/wizedistribution.com\/wp-content\/uploads\/2021\/11\/DISTRIBUTION-JOUETS-300x300.png 300w, https:\/\/wizedistribution.com\/wp-content\/uploads\/2021\/11\/DISTRIBUTION-JOUETS-150x150.png 150w\" sizes=\"(max-width: 500px) 100vw, 500px\" \/><div class=\"wp-block-cover__inner-container\">\n<p class=\"has-text-align-center has-ek-indent has-custom-lineheight has-custom-letterspacing\" style=\"font-size:50px;text-transform:uppercase;--ek-indent:20px;line-height:1;letter-spacing:1px\"><span style=\"color:var(--nv-text-dark-bg)\" class=\"tadv-color\">jouets: disney \/ kim play<\/span><\/p>\n<\/div><a href=\"https:\/\/wizedistribution.com\/index.php\/enfance\/\" class=\"editorskit-block-link\" rel=\"\"><\/a><\/div>\n<\/div>\n<\/div>\n\n\n\n<div class=\"wp-block-columns alignwide\">\n<div class=\"wp-block-column is-vertically-aligned-center\">\n<div class=\"wp-block-cover aligncenter is-light is-style-editorskit-rounded is-cropping animated fadeInLeft slow ek-linked-block ek-linked-block-animate\"><span aria-hidden=\"true\" class=\"has-nv-site-bg-background-color has-background-dim-40 wp-block-cover__gradient-background has-background-dim\"><\/span><img loading=\"lazy\" width=\"500\" height=\"500\" class=\"wp-block-cover__image-background wp-image-2694\" alt=\"\" src=\"https:\/\/wizedistribution.com\/wp-content\/uploads\/2021\/11\/DISTRIBUTION-PAPETTERIE.png\" data-object-fit=\"cover\" srcset=\"https:\/\/wizedistribution.com\/wp-content\/uploads\/2021\/11\/DISTRIBUTION-PAPETTERIE.png 500w, https:\/\/wizedistribution.com\/wp-content\/uploads\/2021\/11\/DISTRIBUTION-PAPETTERIE-300x300.png 300w, https:\/\/wizedistribution.com\/wp-content\/uploads\/2021\/11\/DISTRIBUTION-PAPETTERIE-150x150.png 150w\" sizes=\"(max-width: 500px) 100vw, 500px\" \/><div class=\"wp-block-cover__inner-container\">\n<p class=\"has-text-align-center has-nv-text-dark-bg-color has-text-color has-nv-text-dark-bg-color has-ek-indent has-custom-lineheight has-custom-letterspacing\" style=\"font-size:33px;text-transform:uppercase;--ek-indent:20px;line-height:1;letter-spacing:1px\"><span style=\"color:var(--nv-text-dark-bg)\" class=\"tadv-color\">papeterie: <\/span>clairefontaine \/ bic \/ maped<\/p>\n<\/div><a href=\"https:\/\/wizedistribution.com\/index.php\/papeterie\/\" class=\"editorskit-block-link\" rel=\"\"><\/a><\/div>\n<\/div>\n\n\n\n<div class=\"wp-block-column is-vertically-aligned-center\">\n<div class=\"wp-block-cover aligncenter is-light is-style-editorskit-rounded is-cropping animated zoomIn slow ek-linked-block ek-linked-block-animate\"><span aria-hidden=\"true\" class=\"has-nv-site-bg-background-color has-background-dim-40 wp-block-cover__gradient-background has-background-dim\"><\/span><img loading=\"lazy\" width=\"500\" height=\"500\" class=\"wp-block-cover__image-background wp-image-2688\" alt=\"\" src=\"https:\/\/wizedistribution.com\/wp-content\/uploads\/2021\/11\/DISTRIBUTION-BEAUTE.png\" data-object-fit=\"cover\" srcset=\"https:\/\/wizedistribution.com\/wp-content\/uploads\/2021\/11\/DISTRIBUTION-BEAUTE.png 500w, https:\/\/wizedistribution.com\/wp-content\/uploads\/2021\/11\/DISTRIBUTION-BEAUTE-300x300.png 300w, https:\/\/wizedistribution.com\/wp-content\/uploads\/2021\/11\/DISTRIBUTION-BEAUTE-150x150.png 150w\" sizes=\"(max-width: 500px) 100vw, 500px\" \/><div class=\"wp-block-cover__inner-container\">\n<p class=\"has-text-align-center has-nv-text-dark-bg-color has-text-color has-nv-text-dark-bg-color has-ek-indent has-custom-lineheight has-custom-letterspacing\" style=\"font-size:50px;text-transform:uppercase;--ek-indent:20px;line-height:1;letter-spacing:1px\"><span style=\"color:var(--nv-text-dark-bg)\" class=\"tadv-color\">beaut\u00e9: <\/span>franck provost<\/p>\n<\/div><a href=\"https:\/\/wizedistribution.com\/index.php\/beaute\/\" class=\"editorskit-block-link\" rel=\"\"><\/a><\/div>\n<\/div>\n\n\n\n<div class=\"wp-block-column is-vertically-aligned-center\">\n<div class=\"wp-block-cover aligncenter is-light is-style-editorskit-rounded is-cropping animated fadeInRight slow ek-linked-block ek-linked-block-animate\"><span aria-hidden=\"true\" class=\"has-nv-site-bg-background-color has-background-dim-40 wp-block-cover__gradient-background has-background-dim\"><\/span><img loading=\"lazy\" width=\"500\" height=\"500\" class=\"wp-block-cover__image-background wp-image-2691\" alt=\"\" src=\"https:\/\/wizedistribution.com\/wp-content\/uploads\/2021\/11\/DISTRIBUTION-HYGIENE-SOIN.png\" data-object-fit=\"cover\" srcset=\"https:\/\/wizedistribution.com\/wp-content\/uploads\/2021\/11\/DISTRIBUTION-HYGIENE-SOIN.png 500w, https:\/\/wizedistribution.com\/wp-content\/uploads\/2021\/11\/DISTRIBUTION-HYGIENE-SOIN-300x300.png 300w, https:\/\/wizedistribution.com\/wp-content\/uploads\/2021\/11\/DISTRIBUTION-HYGIENE-SOIN-150x150.png 150w\" sizes=\"(max-width: 500px) 100vw, 500px\" \/><div class=\"wp-block-cover__inner-container\">\n<p class=\"has-text-align-center has-ek-indent has-custom-lineheight has-custom-letterspacing\" style=\"font-size:30px;text-transform:uppercase;--ek-indent:20px;line-height:1;letter-spacing:1px\"><span style=\"color:var(--nv-text-dark-bg)\" class=\"tadv-color\">hygi\u00e8ne &amp; soin: mercurochrome \/ ricqles<\/span><\/p>\n<\/div><a href=\"https:\/\/wizedistribution.com\/index.php\/hygiene-sante-puericulture\/\" class=\"editorskit-block-link\" rel=\"\"><\/a><\/div>\n<\/div>\n<\/div>\n\n\n\n<div style=\"height:70px\" aria-hidden=\"true\" class=\"wp-block-spacer\"><\/div>\n\n\n\n<figure class=\"wp-block-pullquote alignfull\"><blockquote><p>\u00ab\u00a0Nous proposons une large gamme de produits, du petit-\u00e9lectrom\u00e9nager\ud83c\udfa7, \u00e9quipement de cuisine et de la maison en passant par les accessoires de beaut\u00e9 et la brosserie \ud83e\uddf9\u00a0\u00bb<\/p><cite>WIZE DISTRIBUTION<\/cite><\/blockquote><\/figure>\n","protected":false},"excerpt":{"rendered":"<p>NOS OBJECTIFS Bien que WIZE DISTRIBUTION couvre toute la chaine de la conception \u00e0 la mise en rayon et poss\u00e8de ses propres marques, nous aimons travailler avec des marques partenaires. Nos raisons: NOS PARTENAIRES SPECIALIS\u00e9S \u00ab\u00a0Nous proposons une large gamme de produits, du petit-\u00e9lectrom\u00e9nager\ud83c\udfa7, \u00e9quipement de cuisine et de la maison en passant par les&hellip;&nbsp;<a href=\"https:\/\/wizedistribution.com\/index.php\/distribution\/\" class=\"\" rel=\"bookmark\">Lire la suite &raquo;<span class=\"screen-reader-text\">DISTRIBUTION<\/span><\/a><\/p>\n","protected":false},"author":1,"featured_media":2552,"parent":0,"menu_order":0,"comment_status":"closed","ping_status":"closed","template":"","meta":{"_editorskit_title_hidden":false,"_editorskit_reading_time":1,"_editorskit_typography_data":[],"_editorskit_blocks_typography":"","_editorskit_is_block_options_detached":false,"_editorskit_block_options_position":"{}","_coblocks_attr":"","_coblocks_dimensions":"","_coblocks_responsive_height":"","_coblocks_accordion_ie_support":"","neve_meta_sidebar":"","neve_meta_container":"","neve_meta_enable_content_width":"","neve_meta_content_width":0,"neve_meta_title_alignment":"","neve_meta_author_avatar":"","neve_post_elements_order":"","neve_meta_disable_header":"","neve_meta_disable_footer":"","neve_meta_disable_title":"","_ti_tpc_template_sync":false,"_ti_tpc_template_id":""},"_links":{"self":[{"href":"https:\/\/wizedistribution.com\/index.php\/wp-json\/wp\/v2\/pages\/2380"}],"collection":[{"href":"https:\/\/wizedistribution.com\/index.php\/wp-json\/wp\/v2\/pages"}],"about":[{"href":"https:\/\/wizedistribution.com\/index.php\/wp-json\/wp\/v2\/types\/page"}],"author":[{"embeddable":true,"href":"https:\/\/wizedistribution.com\/index.php\/wp-json\/wp\/v2\/users\/1"}],"replies":[{"embeddable":true,"href":"https:\/\/wizedistribution.com\/index.php\/wp-json\/wp\/v2\/comments?post=2380"}],"version-history":[{"count":57,"href":"https:\/\/wizedistribution.com\/index.php\/wp-json\/wp\/v2\/pages\/2380\/revisions"}],"predecessor-version":[{"id":2966,"href":"https:\/\/wizedistribution.com\/index.php\/wp-json\/wp\/v2\/pages\/2380\/revisions\/2966"}],"wp:featuredmedia":[{"embeddable":true,"href":"https:\/\/wizedistribution.com\/index.php\/wp-json\/wp\/v2\/media\/2552"}],"wp:attachment":[{"href":"https:\/\/wizedistribution.com\/index.php\/wp-json\/wp\/v2\/media?parent=2380"}],"curies":[{"name":"wp","href":"https:\/\/api.w.org\/{rel}","templated":true}]}}